{"id":15,"date":"2024-06-09T11:07:35","date_gmt":"2024-06-09T11:07:35","guid":{"rendered":"https:\/\/www.inspiring-johnson.85-215-40-216.plesk.page\/?page_id=15"},"modified":"2024-08-26T11:44:39","modified_gmt":"2024-08-26T11:44:39","slug":"startseite","status":"publish","type":"page","link":"https:\/\/www.malermohl.at\/","title":{"rendered":"Startseite"},"content":{"rendered":"<section class=\"bde-section-15-112 bde-section\">\n  \n  \n\t\n\n\n\n<div class=\"section-container\"><div class=\"bde-image-15-118 bde-image\">\n<figure class=\"breakdance-image breakdance-image--18\">\n\t<div class=\"breakdance-image-container\">\n\t\t<div class=\"breakdance-image-clip\"><div class=\"breakdance-image__mask\"><img loading=\"lazy\" decoding=\"async\" class=\"breakdance-image-object\" src=\"https:\/\/www.malermohl.at\/wp-content\/uploads\/2024\/06\/Image.png\" width=\"2841\" height=\"2172\" srcset=\"https:\/\/www.malermohl.at\/wp-content\/uploads\/2024\/06\/Image.png 2841w, https:\/\/www.malermohl.at\/wp-content\/uploads\/2024\/06\/Image-300x229.png 300w, https:\/\/www.malermohl.at\/wp-content\/uploads\/2024\/06\/Image-1024x783.png 1024w, https:\/\/www.malermohl.at\/wp-content\/uploads\/2024\/06\/Image-768x587.png 768w, https:\/\/www.malermohl.at\/wp-content\/uploads\/2024\/06\/Image-1536x1174.png 1536w, https:\/\/www.malermohl.at\/wp-content\/uploads\/2024\/06\/Image-2048x1566.png 2048w\" sizes=\"auto, (max-width: 2841px) 100vw, 2841px\"><\/div><\/div>\n\t<\/div><\/figure>\n\n<\/div><div class=\"bde-div-15-113 bde-div\">\n  \n  \n\t\n\n\n\n<h1 class=\"bde-heading-15-115 bde-heading\">\nIhr regionaler Biomaler im Burgenland\n<\/h1><div class=\"bde-text-15-116 bde-text\">\nSeit mehreren Jahren verleihen wir detailreichen Innenr\u00e4umen und robusten Fassaden f\u00fcr unz\u00e4hlige zufriedene Kunden, den letzten Anstrich.\n<\/div><div class=\"bde-button-15-117 bde-button\">\n    \n                                    \n    \n    \n    \n    \n            \n                    \n            \n            \n\n    \n    \n    \n    \n    \n    <a class=\"breakdance-link button-atom button-atom--primary bde-button__button\" href=\"mailto:office@malermohl.at?subject=Kontaktanfrage&body=\" target=\"_self\" data-type=\"contact\"  >\n\n    \n        <span class=\"button-atom__text\">Jetzt Projekt anfragen<\/span>\n\n        \n        \n                <\/a>\n\n    \n\n\n<\/div>\n<\/div><\/div>\n<\/section><section id=\"dienstleistungen\" class=\"bde-section-15-119 bde-section\">\n  \n  \n\t\n\n\n\n<div class=\"section-container\"><div class=\"bde-grid-15-120 bde-grid\">\n  \n  \n\t\n\n\n\n<h2 class=\"bde-heading-15-121 bde-heading\">\nUnsere Dienstleistungen sind so vielf\u00e4ltig wie Ihre W\u00fcnsche!\n<\/h2><div class=\"bde-div-15-122 bde-div\">\n  \n  \n\t\n\n\n\n<div class=\"bde-image-15-123 bde-image\">\n<figure class=\"breakdance-image breakdance-image--26\">\n\t<div class=\"breakdance-image-container\">\n\t\t<div class=\"breakdance-image-clip\"><img loading=\"lazy\" decoding=\"async\" class=\"breakdance-image-object\" src=\"https:\/\/www.malermohl.at\/wp-content\/uploads\/2024\/06\/patch-5.png\" width=\"241\" height=\"160\" sizes=\"auto, (max-width: 241px) 100vw, 241px\"><\/div>\n\t<\/div><\/figure>\n\n<\/div><div class=\"bde-text-15-124 bde-text\">\nSpachtelarbeiten\n<\/div><div class=\"bde-text-15-125 bde-text\">\nPerfekt glatte W\u00e4nde sind die Basis f\u00fcr jede hochwertige Malerarbeit. Unsere Spachtelarbeiten sorgen f\u00fcr eine makellose Oberfl\u00e4che, die als Grundlage f\u00fcr das Arbeiten dient.\n<\/div>\n<\/div><div class=\"bde-div-15-126 bde-div\">\n  \n  \n\t\n\n\n\n<div class=\"bde-image-15-127 bde-image\">\n<figure class=\"breakdance-image breakdance-image--25\">\n\t<div class=\"breakdance-image-container\">\n\t\t<div class=\"breakdance-image-clip\"><img loading=\"lazy\" decoding=\"async\" class=\"breakdance-image-object\" src=\"https:\/\/www.malermohl.at\/wp-content\/uploads\/2024\/06\/patch-1.png\" width=\"241\" height=\"160\" sizes=\"auto, (max-width: 241px) 100vw, 241px\"><\/div>\n\t<\/div><\/figure>\n\n<\/div><div class=\"bde-text-15-128 bde-text\">\nInnenmalerei\n<\/div><div class=\"bde-text-15-129 bde-text\">\nUnsere Innenmalerei verleiht Ihren R\u00e4umen neuen Glanz. Wir achten auf jedes Detail, um sicherzustellen, dass das Endergebnis Ihre Erwartungen \u00fcbertrifft, von der Farbauswahl bis zum letzten Pinselstrich.\n<\/div>\n<\/div><div class=\"bde-div-15-130 bde-div\">\n  \n  \n\t\n\n\n\n<div class=\"bde-image-15-131 bde-image\">\n<figure class=\"breakdance-image breakdance-image--24\">\n\t<div class=\"breakdance-image-container\">\n\t\t<div class=\"breakdance-image-clip\"><img loading=\"lazy\" decoding=\"async\" class=\"breakdance-image-object\" src=\"https:\/\/www.malermohl.at\/wp-content\/uploads\/2024\/06\/patch-2.png\" width=\"240\" height=\"160\" sizes=\"auto, (max-width: 240px) 100vw, 240px\"><\/div>\n\t<\/div><\/figure>\n\n<\/div><div class=\"bde-text-15-132 bde-text\">\nAu\u00dfenmalerei\n<\/div><div class=\"bde-text-15-133 bde-text\">\nDie Au\u00dfenmalerei ist mehr als nur Farbe auf einer Fassade. Sie sch\u00fctzt Ihr Geb\u00e4ude und spiegelt seinen Charakter wider. Wir verwenden wetterbest\u00e4ndige Materialien f\u00fcr ein dauerhaft sch\u00f6nes Ergebnis.\n<\/div>\n<\/div><div class=\"bde-div-15-134 bde-div\">\n  \n  \n\t\n\n\n\n<div class=\"bde-image-15-135 bde-image\">\n<figure class=\"breakdance-image breakdance-image--23\">\n\t<div class=\"breakdance-image-container\">\n\t\t<div class=\"breakdance-image-clip\"><img loading=\"lazy\" decoding=\"async\" class=\"breakdance-image-object\" src=\"https:\/\/www.malermohl.at\/wp-content\/uploads\/2024\/06\/patch-3.png\" width=\"241\" height=\"160\" sizes=\"auto, (max-width: 241px) 100vw, 241px\"><\/div>\n\t<\/div><\/figure>\n\n<\/div><div class=\"bde-text-15-136 bde-text\">\nFassadenanstrich\n<\/div><div class=\"bde-text-15-137 bde-text\">\nEin Fassadenanstrich ist eine Investition in die Langlebigkeit und \u00c4sthetik Ihres Geb\u00e4udes. Wir bieten fachgerechte Anstriche, die sowohl sch\u00fctzen als auch optisch beeindrucken.\n<\/div>\n<\/div><div class=\"bde-div-15-138 bde-div\">\n  \n  \n\t\n\n\n\n<div class=\"bde-image-15-139 bde-image\">\n<figure class=\"breakdance-image breakdance-image--22\">\n\t<div class=\"breakdance-image-container\">\n\t\t<div class=\"breakdance-image-clip\"><img loading=\"lazy\" decoding=\"async\" class=\"breakdance-image-object\" src=\"https:\/\/www.malermohl.at\/wp-content\/uploads\/2024\/06\/patch-4.png\" width=\"241\" height=\"160\" sizes=\"auto, (max-width: 241px) 100vw, 241px\"><\/div>\n\t<\/div><\/figure>\n\n<\/div><div class=\"bde-text-15-140 bde-text\">\nLackierarbeiten\n<\/div><div class=\"bde-text-15-141 bde-text\">\nUnsere Lackierarbeiten bieten das perfekte Finish f\u00fcr verschiedene Oberfl\u00e4chen. Wir verwenden hochwertige Lacke f\u00fcr ein gl\u00e4nzendes und dauerhaftes Ergebnis, das Bestand hat.\n<\/div>\n<\/div>\n<\/div><\/div>\n<\/section><section id=\"ueber-uns\" class=\"bde-section-15-142 bde-section\">\n  \n  \n\t\n\n\n\n<div class=\"section-container\"><div class=\"bde-grid-15-143 bde-grid\">\n  \n  \n\t\n\n\n\n<div class=\"bde-grid-15-144 bde-grid\">\n  \n  \n\t\n\n\n\n<div class=\"bde-div-15-145 bde-div\">\n  \n  \n\t\n\n\n\n<div class=\"bde-image-15-147 bde-image\">\n<figure class=\"breakdance-image breakdance-image--61\">\n\t<div class=\"breakdance-image-container\">\n\t\t<div class=\"breakdance-image-clip\"><img loading=\"lazy\" decoding=\"async\" class=\"breakdance-image-object\" src=\"https:\/\/www.malermohl.at\/wp-content\/uploads\/2024\/06\/WhatsApp-Image-2024-06-16-at-16.51.17.jpeg\" width=\"960\" height=\"1280\" srcset=\"https:\/\/www.malermohl.at\/wp-content\/uploads\/2024\/06\/WhatsApp-Image-2024-06-16-at-16.51.17.jpeg 960w, https:\/\/www.malermohl.at\/wp-content\/uploads\/2024\/06\/WhatsApp-Image-2024-06-16-at-16.51.17-225x300.jpeg 225w, https:\/\/www.malermohl.at\/wp-content\/uploads\/2024\/06\/WhatsApp-Image-2024-06-16-at-16.51.17-768x1024.jpeg 768w\" sizes=\"auto, (max-width: 960px) 100vw, 960px\"><\/div>\n\t<\/div><\/figure>\n\n<\/div><div class=\"bde-div-15-152 bde-div\">\n  \n  \n\t\n\n\n\n<div class=\"bde-text-15-153 bde-text\">\nvorher\n<\/div>\n<\/div>\n<\/div><div class=\"bde-div-15-146 bde-div\">\n  \n  \n\t\n\n\n\n<div class=\"bde-image-15-148 bde-image\">\n<figure class=\"breakdance-image breakdance-image--62\">\n\t<div class=\"breakdance-image-container\">\n\t\t<div class=\"breakdance-image-clip\"><img loading=\"lazy\" decoding=\"async\" class=\"breakdance-image-object\" src=\"https:\/\/www.malermohl.at\/wp-content\/uploads\/2024\/06\/WhatsApp-Image-2024-06-16-at-16.51.18-1-scaled.jpeg\" width=\"1920\" height=\"2560\" srcset=\"https:\/\/www.malermohl.at\/wp-content\/uploads\/2024\/06\/WhatsApp-Image-2024-06-16-at-16.51.18-1-scaled.jpeg 1920w, https:\/\/www.malermohl.at\/wp-content\/uploads\/2024\/06\/WhatsApp-Image-2024-06-16-at-16.51.18-1-225x300.jpeg 225w, https:\/\/www.malermohl.at\/wp-content\/uploads\/2024\/06\/WhatsApp-Image-2024-06-16-at-16.51.18-1-768x1024.jpeg 768w, https:\/\/www.malermohl.at\/wp-content\/uploads\/2024\/06\/WhatsApp-Image-2024-06-16-at-16.51.18-1-1152x1536.jpeg 1152w, https:\/\/www.malermohl.at\/wp-content\/uploads\/2024\/06\/WhatsApp-Image-2024-06-16-at-16.51.18-1-1536x2048.jpeg 1536w\" sizes=\"auto, (max-width: 1920px) 100vw, 1920px\"><\/div>\n\t<\/div><\/figure>\n\n<\/div><div class=\"bde-div-15-154 bde-div\">\n  \n  \n\t\n\n\n\n<div class=\"bde-text-15-155 bde-text\">\nnachher\n<\/div>\n<\/div>\n<\/div>\n<\/div><div class=\"bde-div-15-150 bde-div\">\n  \n  \n\t\n\n\n\n<h2 class=\"bde-heading-15-149 bde-heading\">\nUnser Anspruch an Qualit\u00e4t\n<\/h2><div class=\"bde-text-15-151 bde-text\">\nSeit mehreren Jahren sind wir in der Branche t\u00e4tig und bieten unseren Kunden im Burgenland ein breites Spektrum an Maler- und Lackierdienstleistungen. Unsere Expertise in der Verwendung von umweltfreundlichen und gesundheitsbewussten Farben unterscheidet uns von anderen. Wir stehen f\u00fcr pers\u00f6nliche Kundenbetreuung und h\u00f6chste Qualit\u00e4tsstandards.\n<\/div>\n<\/div>\n<\/div><\/div>\n<\/section>","protected":false},"excerpt":{"rendered":"<p>Ihr regionaler Biomaler im Burgenland Seit mehreren Jahren verleihen wir detailreichen Innenr\u00e4umen und robusten Fassaden f\u00fcr unz\u00e4hlige zufriedene Kunden, den letzten Anstrich. Jetzt Projekt anfragen Unsere Dienstleistungen sind so vielf\u00e4ltig wie Ihre W\u00fcnsche! Spachtelarbeiten Perfekt glatte W\u00e4nde sind die Basis f\u00fcr jede hochwertige Malerarbeit. Unsere Spachtelarbeiten sorgen f\u00fcr eine makellose Oberfl\u00e4che, die als Grundlage f\u00fcr [&hellip;]<\/p>\n","protected":false},"author":1,"featured_media":0,"parent":0,"menu_order":0,"comment_status":"closed","ping_status":"closed","template":"","meta":{"_breakdance_hide_in_design_set":false,"_breakdance_tags":"","footnotes":""},"class_list":["post-15","page","type-page","status-publish","hentry"],"_links":{"self":[{"href":"https:\/\/www.malermohl.at\/index.php\/wp-json\/wp\/v2\/pages\/15","targetHints":{"allow":["GET"]}}],"collection":[{"href":"https:\/\/www.malermohl.at\/index.php\/wp-json\/wp\/v2\/pages"}],"about":[{"href":"https:\/\/www.malermohl.at\/index.php\/wp-json\/wp\/v2\/types\/page"}],"author":[{"embeddable":true,"href":"https:\/\/www.malermohl.at\/index.php\/wp-json\/wp\/v2\/users\/1"}],"replies":[{"embeddable":true,"href":"https:\/\/www.malermohl.at\/index.php\/wp-json\/wp\/v2\/comments?post=15"}],"version-history":[{"count":20,"href":"https:\/\/www.malermohl.at\/index.php\/wp-json\/wp\/v2\/pages\/15\/revisions"}],"predecessor-version":[{"id":76,"href":"https:\/\/www.malermohl.at\/index.php\/wp-json\/wp\/v2\/pages\/15\/revisions\/76"}],"wp:attachment":[{"href":"https:\/\/www.malermohl.at\/index.php\/wp-json\/wp\/v2\/media?parent=15"}],"curies":[{"name":"wp","href":"https:\/\/api.w.org\/{rel}","templated":true}]}}